{"id":9285,"date":"2022-05-02T15:57:16","date_gmt":"2022-05-02T13:57:16","guid":{"rendered":"https:\/\/report-youthhostel.ch\/2023\/?page_id=9285"},"modified":"2025-02-21T08:57:55","modified_gmt":"2025-02-21T07:57:55","slug":"rueckblick-und-ausblick-2024","status":"publish","type":"page","link":"https:\/\/report-youthhostel.ch\/2023\/rueckblick-und-ausblick-2024\/","title":{"rendered":"R\u00fcckblick und Ausblick 2024"},"content":{"rendered":"\t\t<div data-elementor-type=\"wp-page\" data-elementor-id=\"9285\" class=\"elementor elementor-9285\" data-elementor-post-type=\"page\">\n\t\t\t\t<div class=\"elementor-element elementor-element-8b7d8f9 e-flex e-con-boxed e-con e-parent\" data-id=\"8b7d8f9\" data-element_type=\"container\" data-settings=\"{&quot;background_background&quot;:&quot;classic&quot;,&quot;jet_parallax_layout_list&quot;:[]}\">\n\t\t\t\t\t<div class=\"e-con-inner\">\n\t\t<div class=\"elementor-element elementor-element-bec5818 e-flex e-con-boxed e-con e-child\" data-id=\"bec5818\" data-element_type=\"container\" data-settings=\"{&quot;jet_parallax_layout_list&quot;:[]}\">\n\t\t\t\t\t<div class=\"e-con-inner\">\n\t\t\t\t<div class=\"elementor-element elementor-element-7174728 elementor-widget elementor-widget-heading\" data-id=\"7174728\" data-element_type=\"widget\" id=\"subtitle-underline\" data-widget_type=\"heading.default\">\n\t\t\t\t<div class=\"elementor-widget-container\">\n\t\t\t\t\t<p class=\"elementor-heading-title elementor-size-default\">R\u00fcckblick und Ausblick 2024<\/p>\t\t\t\t<\/div>\n\t\t\t\t<\/div>\n\t\t\t\t<div class=\"elementor-element elementor-element-f32bd67 elementor-widget elementor-widget-heading\" data-id=\"f32bd67\" data-element_type=\"widget\" data-widget_type=\"heading.default\">\n\t\t\t\t<div class=\"elementor-widget-container\">\n\t\t\t\t\t<h1 class=\"elementor-heading-title elementor-size-default\">100 Jahre <span>Schweizer<\/span> <span>Jugend<\/span>&shy;herbergen<\/h1>\t\t\t\t<\/div>\n\t\t\t\t<\/div>\n\t\t\t\t\t<\/div>\n\t\t\t\t<\/div>\n\t\t\t\t\t<\/div>\n\t\t\t\t<\/div>\n\t\t<div class=\"elementor-element elementor-element-1039953 e-con-full e-flex e-con e-parent\" data-id=\"1039953\" data-element_type=\"container\" data-settings=\"{&quot;background_background&quot;:&quot;classic&quot;,&quot;jet_parallax_layout_list&quot;:[]}\">\n\t\t\t\t<\/div>\n\t\t<div class=\"elementor-element elementor-element-0b7f751 e-flex e-con-boxed e-con e-parent\" data-id=\"0b7f751\" data-element_type=\"container\" data-settings=\"{&quot;jet_parallax_layout_list&quot;:[]}\">\n\t\t\t\t\t<div class=\"e-con-inner\">\n\t\t\t\t<div class=\"elementor-element elementor-element-cc3ba41 elementor-widget elementor-widget-text-editor\" data-id=\"cc3ba41\" data-element_type=\"widget\" data-widget_type=\"text-editor.default\">\n\t\t\t\t<div class=\"elementor-widget-container\">\n\t\t\t\t\t\t\t\t\t<p>Jugendherberge Adelboden<br \/>1943, SJH-Archiv<\/p>\t\t\t\t\t\t\t\t<\/div>\n\t\t\t\t<\/div>\n\t\t\t\t\t<\/div>\n\t\t\t\t<\/div>\n\t\t<div class=\"elementor-element elementor-element-75a5b48 e-flex e-con-boxed e-con e-parent\" data-id=\"75a5b48\" data-element_type=\"container\" data-settings=\"{&quot;jet_parallax_layout_list&quot;:[]}\">\n\t\t\t\t\t<div class=\"e-con-inner\">\n\t\t\t\t<div class=\"elementor-element elementor-element-40e48b9 elementor-widget elementor-widget-text-editor\" data-id=\"40e48b9\" data-element_type=\"widget\" data-widget_type=\"text-editor.default\">\n\t\t\t\t<div class=\"elementor-widget-container\">\n\t\t\t\t\t\t\t\t\t<p>Im Jahr 2024 feiern die Schweizer Jugendherbergen das 100-Jahr-Jubil\u00e4um.<\/p>\n<p>Reisen war zu Beginn des 20. Jahrhunderts ein Privileg von wenigen, meist beg\u00fcterten Menschen. Die Industrialisierung ver\u00e4nderte das Lebensumfeld der Menschen nachhaltig. Besonders die Jugend litt zunehmend unter den schlechten Wohn- und Arbeitsbedingungen im industriellen Umfeld. Um den beengten und wenig befriedigenden Lebensumst\u00e4nden zu entfliehen, begannen anfangs des 20. Jahrhunderts immer mehr Jugendliche in ihrer knappen Freizeit zu wandern und zu reisen. Einerseits wollten sie die Natur als Gegensatz zum Stadtleben erfahren, anderseits war das Wandern ein Ausdruck einer selbstdefinierten und jugendgem\u00e4ssen Lebensgestaltung.<\/p>\n<p>1901 wurde in Deutschland der Verein \u00abWandervogel\u00bb gegr\u00fcndet, ein Zusammenschluss von wanderbegeisterten Jugendlichen. Einige Jahre sp\u00e4ter fasste die Wandervogel-Idee in der Schweiz Fuss. Auch andere Jugendorganisationen entdeckten mehr und mehr das Wandern als M\u00f6glichkeit des gemeinsamen Erlebens. Auf mehrt\u00e4tigen Wanderungen stellte sich f\u00fcr alle diese Gruppen das Problem der preisg\u00fcnstigen Unterkunft.<\/p>\n<p>Unsere Reise begann am 28. April 1924, im Saal des M\u00e4dchenklubs Gartenhof in Z\u00fcrich, als die \u00abGenossenschaft f\u00fcr Jugendherbergen Z\u00fcrich\u00bb durch mehrere Jugendorganisationen gegr\u00fcndet wurde. Bei der Gr\u00fcndung bestand die Aussicht, dass Herbergen in bestehenden Ferienheimen, die den Jugendvereinigungen geh\u00f6rten, eingerichtet werden k\u00f6nnten. Daneben lagen auch die Namen der Gastgeber*innen vor, deren Adressen bisher unter Wandergruppen ausgetauscht worden waren. Bereits am 21. Juli 1924 wurde das erste schweizerische Verzeichnis in losen Bl\u00e4ttern mit 12 Jugendherbergen und vier Unterkunftsm\u00f6glichkeiten ver\u00f6ffentlicht. Bereits Ende Jahr waren es deren 40.<\/p>\n<p>Die Schweiz war nach Deutschland das zweite Land, welches ein Jugendherbergsnetzwerk aufbaute. Weitere europ\u00e4ische L\u00e4nder folgten und bereits im Oktober 1932 wurde in Amsterdam der internationale Verband Hostelling International durch elf europ\u00e4ische Verb\u00e4nde gegr\u00fcndet.<\/p>\n<p>Innerhalb der Jugendherbergsbewegung ging es schon immer um gemeinschaftliche Erlebnisse, verantwortungsbewussten Umgang mit Ressourcen, das Kennenlernen von Menschen und fremden Kulturen, das Kn\u00fcpfen von Freundschaften, die sinnvolle Freizeitbesch\u00e4ftigung und das Teilen von Lebensfreude.<\/p>\n<p>Die Bed\u00fcrfnisse der Menschen haben sich in den letzten 100 Jahren gewandelt. Die Schweizer Jugendherbergen auch. Unserer Organisation ist es meisterhaft gelungen, sich immer wieder den aktuellen Bed\u00fcrfnissen der Gesellschaft und den aktuellen Rahmenbedingungen anzupassen, ohne jedoch den Kern der zivilgesellschaftlichen Ziele aus den Augen zu verlieren: Die Schweizer Jugendherbergen erm\u00f6glichen damals wie heute, zusammen mit den Mitgliedern von Hostelling International, Menschen mit kleinem Budget den Zugang zu erschwinglichen \u00dcbernachtungs- und Verpflegungsm\u00f6glichkeiten weltweit. Dadurch f\u00f6rdern wir, insbesondere auch f\u00fcr junge Menschen, Schulklassen, Familien und Menschen mit Behinderungen Begegnungen, gemeinsame Aktivit\u00e4ten und Erlebnisse ausserhalb des gewohnten Umfeldes \u00fcber die Landesgrenzen hinweg. Diese tragen zu einer solidarischen, verantwortungsbewussten und lebensfrohen Gesellschaft bei.<\/p>\n<p>Interessierte, die tiefer in die Geschichte der Schweizer Jugendherbergen eintauchen m\u00f6chten, finden in der Ausstellung im Museum Schloss Burgdorf bis zum Ende des Jahres spannende Einblicke. Weitere Details zur Ausstellung und vielf\u00e4ltige Informationen \u00fcber die Geschichte der Schweizer Jugendherbergen finden Sie auf unserer Webseite.<\/p>\n<p>Wir freuen uns, auch im Jahr 2024 m\u00f6glichst vielen Menschen nachhaltige Reiseerlebnisse und bereichernde Begegnungen an den sch\u00f6nsten Pl\u00e4tzen der Schweiz zu bieten. Bis bald in einer unserer Jugendherbergen!<\/p>\n<p>Im April 2024<\/p>\t\t\t\t\t\t\t\t<\/div>\n\t\t\t\t<\/div>\n\t\t\t\t\t<\/div>\n\t\t\t\t<\/div>\n\t\t<div class=\"elementor-element elementor-element-abbe51b e-flex e-con-boxed e-con e-parent\" data-id=\"abbe51b\" data-element_type=\"container\" data-settings=\"{&quot;jet_parallax_layout_list&quot;:[]}\">\n\t\t\t\t\t<div class=\"e-con-inner\">\n\t\t\t\t<div class=\"elementor-element elementor-element-4c9babf elementor-widget elementor-widget-template\" data-id=\"4c9babf\" data-element_type=\"widget\" data-widget_type=\"template.default\">\n\t\t\t\t<div class=\"elementor-widget-container\">\n\t\t\t\t\t\t\t<div class=\"elementor-template\">\n\t\t\t\t\t<div data-elementor-type=\"page\" data-elementor-id=\"1162\" class=\"elementor elementor-1162\" data-elementor-post-type=\"elementor_library\">\n\t\t\t\t\t\t<section class=\"elementor-section elementor-top-section elementor-element elementor-element-3144cdf elementor-section-boxed elementor-section-height-default elementor-section-height-default\" data-id=\"3144cdf\" data-element_type=\"section\" data-settings=\"{&quot;jet_parallax_layout_list&quot;:[{&quot;jet_parallax_layout_image&quot;:{&quot;url&quot;:&quot;&quot;,&quot;id&quot;:&quot;&quot;,&quot;size&quot;:&quot;&quot;},&quot;_id&quot;:&quot;d9c892f&quot;,&quot;jet_parallax_layout_image_tablet&quot;:{&quot;url&quot;:&quot;&quot;,&quot;id&quot;:&quot;&quot;,&quot;size&quot;:&quot;&quot;},&quot;jet_parallax_layout_image_mobile&quot;:{&quot;url&quot;:&quot;&quot;,&quot;id&quot;:&quot;&quot;,&quot;size&quot;:&quot;&quot;},&quot;jet_parallax_layout_speed&quot;:{&quot;unit&quot;:&quot;%&quot;,&quot;size&quot;:50,&quot;sizes&quot;:[]},&quot;jet_parallax_layout_type&quot;:&quot;scroll&quot;,&quot;jet_parallax_layout_direction&quot;:null,&quot;jet_parallax_layout_fx_direction&quot;:null,&quot;jet_parallax_layout_z_index&quot;:&quot;&quot;,&quot;jet_parallax_layout_bg_x&quot;:50,&quot;jet_parallax_layout_bg_x_tablet&quot;:&quot;&quot;,&quot;jet_parallax_layout_bg_x_mobile&quot;:&quot;&quot;,&quot;jet_parallax_layout_bg_y&quot;:50,&quot;jet_parallax_layout_bg_y_tablet&quot;:&quot;&quot;,&quot;jet_parallax_layout_bg_y_mobile&quot;:&quot;&quot;,&quot;jet_parallax_layout_bg_size&quot;:&quot;auto&quot;,&quot;jet_parallax_layout_bg_size_tablet&quot;:&quot;&quot;,&quot;jet_parallax_layout_bg_size_mobile&quot;:&quot;&quot;,&quot;jet_parallax_layout_animation_prop&quot;:&quot;transform&quot;,&quot;jet_parallax_layout_on&quot;:[&quot;desktop&quot;,&quot;tablet&quot;]}]}\">\n\t\t\t\t\t\t<div class=\"elementor-container elementor-column-gap-default\">\n\t\t\t\t\t<div class=\"elementor-column elementor-col-100 elementor-top-column elementor-element elementor-element-76f273a\" data-id=\"76f273a\" data-element_type=\"column\">\n\t\t\t<div class=\"elementor-widget-wrap elementor-element-populated\">\n\t\t\t\t\t\t<div class=\"elementor-element elementor-element-687df45 elementor-widget elementor-widget-spacer\" data-id=\"687df45\" data-element_type=\"widget\" data-widget_type=\"spacer.default\">\n\t\t\t\t<div class=\"elementor-widget-container\">\n\t\t\t\t\t\t\t<div class=\"elementor-spacer\">\n\t\t\t<div class=\"elementor-spacer-inner\"><\/div>\n\t\t<\/div>\n\t\t\t\t\t\t<\/div>\n\t\t\t\t<\/div>\n\t\t\t\t<div class=\"elementor-element elementor-element-2dd2dc6 elementor-widget elementor-widget-heading\" data-id=\"2dd2dc6\" data-element_type=\"widget\" data-widget_type=\"heading.default\">\n\t\t\t\t<div class=\"elementor-widget-container\">\n\t\t\t\t\t<p class=\"elementor-heading-title elementor-size-default\">Weitere Themen, die Sie interessieren k\u00f6nnten<\/p>\t\t\t\t<\/div>\n\t\t\t\t<\/div>\n\t\t\t\t<div class=\"elementor-element elementor-element-c8f4d51 raven-hover-scale-up elementor-widget elementor-widget-raven-posts\" data-id=\"c8f4d51\" data-element_type=\"widget\" data-settings=\"{&quot;classic_columns&quot;:&quot;4&quot;,&quot;query_posts_per_page&quot;:4,&quot;_skin&quot;:&quot;classic&quot;,&quot;classic_layout&quot;:&quot;grid&quot;,&quot;classic_columns_tablet&quot;:&quot;2&quot;,&quot;classic_columns_mobile&quot;:&quot;1&quot;,&quot;query_offset&quot;:0}\" data-widget_type=\"raven-posts.classic\">\n\t\t\t\t<div class=\"elementor-widget-container\">\n\t\t\t\t\t\t\t<div class=\"raven-posts raven-grid raven-grid-4 raven-grid-mobile-1 raven-grid-tablet-2\" data-post-id=\"1162\" data-archive-query=\"\" data-lang=\"\">\r\n\t\t\t\t<div class=\"raven-grid-item raven-post-item post-10101 page type-page status-publish has-post-thumbnail hentry\">\r\n\t\t\t<div class=\"raven-post elementor-animation-grow\">\r\n\t\t\t\t\t\t<div class=\"raven-post-image-wrap\">\r\n\t\t\t<a class=\"raven-post-image raven-image-fit\" href=\"https:\/\/report-youthhostel.ch\/2023\/fr\/avant-propos\/collaboratrices-et-collaborateurs\/\"><img fetchpriority=\"high\" decoding=\"async\" width=\"1000\" height=\"1144\" src=\"https:\/\/report-youthhostel.ch\/2023\/wp-content\/uploads\/sites\/5\/sjh-2024-Mitarbeiter-Header-Jugendherberge-Bern-mobile-v2.jpg\" class=\"attachment-large size-large wp-image-14182\" alt=\"\" srcset=\"https:\/\/report-youthhostel.ch\/2023\/wp-content\/uploads\/sites\/5\/sjh-2024-Mitarbeiter-Header-Jugendherberge-Bern-mobile-v2.jpg 1000w, https:\/\/report-youthhostel.ch\/2023\/wp-content\/uploads\/sites\/5\/sjh-2024-Mitarbeiter-Header-Jugendherberge-Bern-mobile-v2-768x879.jpg 768w\" sizes=\"(max-width: 1000px) 100vw, 1000px\" \/> <span class=\"raven-post-image-overlay\"><\/span><\/a>\t\t<\/div>\r\n\t\t\t\t\t\t<div class=\"raven-post-content\">\r\n\t\t\t\t\t<h3 class=\"raven-post-title\"><a class=\"raven-post-title-link\" href=\"https:\/\/report-youthhostel.ch\/2023\/fr\/avant-propos\/collaboratrices-et-collaborateurs\/\">Collaboratrices et collaborateurs<\/a><\/h3>\t\t\t\t<\/div>\r\n\t\t\t<\/div>\r\n\t\t<\/div>\r\n\t\t\t\t<div class=\"raven-grid-item raven-post-item post-9261 page type-page status-publish has-post-thumbnail hentry\">\r\n\t\t\t<div class=\"raven-post elementor-animation-grow\">\r\n\t\t\t\t\t\t<div class=\"raven-post-image-wrap\">\r\n\t\t\t<a class=\"raven-post-image raven-image-fit\" href=\"https:\/\/report-youthhostel.ch\/2023\/fokus-2023\/corporate-governance\/\"><img decoding=\"async\" width=\"1000\" height=\"1144\" src=\"https:\/\/report-youthhostel.ch\/2023\/wp-content\/uploads\/sites\/5\/sjh-2024-Corporate-Governance-Header-Jugendherberge-Valbella-Lenzerheide-mobile.jpg\" class=\"attachment-large size-large wp-image-13997\" alt=\"\" srcset=\"https:\/\/report-youthhostel.ch\/2023\/wp-content\/uploads\/sites\/5\/sjh-2024-Corporate-Governance-Header-Jugendherberge-Valbella-Lenzerheide-mobile.jpg 1000w, https:\/\/report-youthhostel.ch\/2023\/wp-content\/uploads\/sites\/5\/sjh-2024-Corporate-Governance-Header-Jugendherberge-Valbella-Lenzerheide-mobile-768x879.jpg 768w\" sizes=\"(max-width: 1000px) 100vw, 1000px\" \/> <span class=\"raven-post-image-overlay\"><\/span><\/a>\t\t<\/div>\r\n\t\t\t\t\t\t<div class=\"raven-post-content\">\r\n\t\t\t\t\t<h3 class=\"raven-post-title\"><a class=\"raven-post-title-link\" href=\"https:\/\/report-youthhostel.ch\/2023\/fokus-2023\/corporate-governance\/\">Corporate Governance<\/a><\/h3>\t\t\t\t<\/div>\r\n\t\t\t<\/div>\r\n\t\t<\/div>\r\n\t\t\t\t<div class=\"raven-grid-item raven-post-item post-9673 page type-page status-publish has-post-thumbnail hentry\">\r\n\t\t\t<div class=\"raven-post elementor-animation-grow\">\r\n\t\t\t\t\t\t<div class=\"raven-post-image-wrap\">\r\n\t\t\t<a class=\"raven-post-image raven-image-fit\" href=\"https:\/\/report-youthhostel.ch\/2023\/en\/foreword\/employees\/\"><img fetchpriority=\"high\" decoding=\"async\" width=\"1000\" height=\"1144\" src=\"https:\/\/report-youthhostel.ch\/2023\/wp-content\/uploads\/sites\/5\/sjh-2024-Mitarbeiter-Header-Jugendherberge-Bern-mobile-v2.jpg\" class=\"attachment-large size-large wp-image-14182\" alt=\"\" srcset=\"https:\/\/report-youthhostel.ch\/2023\/wp-content\/uploads\/sites\/5\/sjh-2024-Mitarbeiter-Header-Jugendherberge-Bern-mobile-v2.jpg 1000w, https:\/\/report-youthhostel.ch\/2023\/wp-content\/uploads\/sites\/5\/sjh-2024-Mitarbeiter-Header-Jugendherberge-Bern-mobile-v2-768x879.jpg 768w\" sizes=\"(max-width: 1000px) 100vw, 1000px\" \/> <span class=\"raven-post-image-overlay\"><\/span><\/a>\t\t<\/div>\r\n\t\t\t\t\t\t<div class=\"raven-post-content\">\r\n\t\t\t\t\t<h3 class=\"raven-post-title\"><a class=\"raven-post-title-link\" href=\"https:\/\/report-youthhostel.ch\/2023\/en\/foreword\/employees\/\">Employees<\/a><\/h3>\t\t\t\t<\/div>\r\n\t\t\t<\/div>\r\n\t\t<\/div>\r\n\t\t\t\t<div class=\"raven-grid-item raven-post-item post-9719 page type-page status-publish has-post-thumbnail hentry\">\r\n\t\t\t<div class=\"raven-post elementor-animation-grow\">\r\n\t\t\t\t\t\t<div class=\"raven-post-image-wrap\">\r\n\t\t\t<a class=\"raven-post-image raven-image-fit\" href=\"https:\/\/report-youthhostel.ch\/2023\/en\/foreword\/partners-and-benefactors\/\"><img decoding=\"async\" width=\"1000\" height=\"1144\" src=\"https:\/\/report-youthhostel.ch\/2023\/wp-content\/uploads\/sites\/5\/sjh-2024-Partner-Goenner-Header-Jugendherberge-Avenches-mobile.jpg\" class=\"attachment-large size-large wp-image-14240\" alt=\"\" srcset=\"https:\/\/report-youthhostel.ch\/2023\/wp-content\/uploads\/sites\/5\/sjh-2024-Partner-Goenner-Header-Jugendherberge-Avenches-mobile.jpg 1000w, https:\/\/report-youthhostel.ch\/2023\/wp-content\/uploads\/sites\/5\/sjh-2024-Partner-Goenner-Header-Jugendherberge-Avenches-mobile-768x879.jpg 768w\" sizes=\"(max-width: 1000px) 100vw, 1000px\" \/> <span class=\"raven-post-image-overlay\"><\/span><\/a>\t\t<\/div>\r\n\t\t\t\t\t\t<div class=\"raven-post-content\">\r\n\t\t\t\t\t<h3 class=\"raven-post-title\"><a class=\"raven-post-title-link\" href=\"https:\/\/report-youthhostel.ch\/2023\/en\/foreword\/partners-and-benefactors\/\">Partners and Benefactors<\/a><\/h3>\t\t\t\t<\/div>\r\n\t\t\t<\/div>\r\n\t\t<\/div>\r\n\t\t\t\t<\/div>\r\n\t\t\t\t\t\t<\/div>\n\t\t\t\t<\/div>\n\t\t\t\t<div class=\"elementor-element elementor-element-67b7dd0 elementor-widget elementor-widget-spacer\" data-id=\"67b7dd0\" data-element_type=\"widget\" data-widget_type=\"spacer.default\">\n\t\t\t\t<div class=\"elementor-widget-container\">\n\t\t\t\t\t\t\t<div class=\"elementor-spacer\">\n\t\t\t<div class=\"elementor-spacer-inner\"><\/div>\n\t\t<\/div>\n\t\t\t\t\t\t<\/div>\n\t\t\t\t<\/div>\n\t\t\t\t\t<\/div>\n\t\t<\/div>\n\t\t\t\t\t<\/div>\n\t\t<\/section>\n\t\t\t\t<\/div>\n\t\t\t\t<\/div>\n\t\t\t\t\t\t<\/div>\n\t\t\t\t<\/div>\n\t\t\t\t\t<\/div>\n\t\t\t\t<\/div>\n\t\t\t\t<\/div>\n\t\t","protected":false},"excerpt":{"rendered":"<p>R\u00fcckblick und Ausblick 2024 100 Jahre Schweizer Jugend&shy;herbergen Jugendherberge Adelboden1943, SJH-Archiv Im Jahr 2024 feiern die Schweizer Jugendherbergen das 100-Jahr-Jubil\u00e4um. Reisen war zu Beginn des 20. Jahrhunderts ein Privileg von wenigen, meist beg\u00fcterten Menschen. Die Industrialisierung ver\u00e4nderte das Lebensumfeld der Menschen nachhaltig. Besonders die Jugend litt zunehmend unter den schlechten Wohn- und Arbeitsbedingungen im industriellen [&hellip;]<\/p>\n","protected":false},"author":1,"featured_media":14236,"parent":0,"menu_order":0,"comment_status":"closed","ping_status":"closed","template":"elementor_header_footer","meta":{"footnotes":""},"class_list":["post-9285","page","type-page","status-publish","has-post-thumbnail","hentry"],"_links":{"self":[{"href":"https:\/\/report-youthhostel.ch\/2023\/wp-json\/wp\/v2\/pages\/9285","targetHints":{"allow":["GET"]}}],"collection":[{"href":"https:\/\/report-youthhostel.ch\/2023\/wp-json\/wp\/v2\/pages"}],"about":[{"href":"https:\/\/report-youthhostel.ch\/2023\/wp-json\/wp\/v2\/types\/page"}],"author":[{"embeddable":true,"href":"https:\/\/report-youthhostel.ch\/2023\/wp-json\/wp\/v2\/users\/1"}],"replies":[{"embeddable":true,"href":"https:\/\/report-youthhostel.ch\/2023\/wp-json\/wp\/v2\/comments?post=9285"}],"version-history":[{"count":110,"href":"https:\/\/report-youthhostel.ch\/2023\/wp-json\/wp\/v2\/pages\/9285\/revisions"}],"predecessor-version":[{"id":15203,"href":"https:\/\/report-youthhostel.ch\/2023\/wp-json\/wp\/v2\/pages\/9285\/revisions\/15203"}],"wp:featuredmedia":[{"embeddable":true,"href":"https:\/\/report-youthhostel.ch\/2023\/wp-json\/wp\/v2\/media\/14236"}],"wp:attachment":[{"href":"https:\/\/report-youthhostel.ch\/2023\/wp-json\/wp\/v2\/media?parent=9285"}],"curies":[{"name":"wp","href":"https:\/\/api.w.org\/{rel}","templated":true}]}}